{"id":9,"date":"2018-11-09T19:45:32","date_gmt":"2018-11-09T19:45:32","guid":{"rendered":"http:\/\/buekoblu.myhostpoint.ch\/?page_id=9"},"modified":"2023-11-09T20:05:16","modified_gmt":"2023-11-09T20:05:16","slug":"ueber-mich","status":"publish","type":"page","link":"https:\/\/nora.buek.ch\/index.php\/ueber-mich\/","title":{"rendered":"\u00dcber mich"},"content":{"rendered":"<blockquote>\n<h4><strong>&#171;F\u00fcr Menschen Mensch zu sein.&#187;\u00a0 &#171;Ehrfurcht vor dem Leben ist das Ideal der Ideale.&#187;\u00a0 &#171;Das Leben ist der h\u00f6chste Wert.&#187;<\/strong><\/h4>\n<h4><strong>\u00a0 Albert Schweitzer<\/strong><\/h4>\n<\/blockquote>\n<p>&nbsp;<\/p>\n<p>Wer bin ich? Oder besser gesagt, wer glaube ich zu sein?<\/p>\n<figure id=\"attachment_700\" aria-describedby=\"caption-attachment-700\" style=\"width: 214px\" class=\"wp-caption alignleft\"><img loading=\"lazy\" decoding=\"async\" class=\"size-medium wp-image-700\" src=\"https:\/\/nora.buek.ch\/wp-content\/uploads\/2023\/11\/Nora_1988-214x300.jpg\" alt=\"\" width=\"214\" height=\"300\" srcset=\"https:\/\/nora.buek.ch\/wp-content\/uploads\/2023\/11\/Nora_1988-214x300.jpg 214w, https:\/\/nora.buek.ch\/wp-content\/uploads\/2023\/11\/Nora_1988-730x1024.jpg 730w, https:\/\/nora.buek.ch\/wp-content\/uploads\/2023\/11\/Nora_1988-768x1078.jpg 768w, https:\/\/nora.buek.ch\/wp-content\/uploads\/2023\/11\/Nora_1988-1094x1536.jpg 1094w, https:\/\/nora.buek.ch\/wp-content\/uploads\/2023\/11\/Nora_1988-1459x2048.jpg 1459w, https:\/\/nora.buek.ch\/wp-content\/uploads\/2023\/11\/Nora_1988-1140x1600.jpg 1140w, https:\/\/nora.buek.ch\/wp-content\/uploads\/2023\/11\/Nora_1988-scaled.jpg 1824w\" sizes=\"auto, (max-width: 214px) 100vw, 214px\" \/><figcaption id=\"caption-attachment-700\" class=\"wp-caption-text\">1988<\/figcaption><\/figure>\n<p>Aufgewachsen bin ich mit meinen 4 Geschwistern. 2 \u00e4ltere Schwestern und ein \u00e4lterer Bruder sowie ein j\u00fcngerer Bruder. Ich bin also zwischen zwei Br\u00fcder geraten!<\/p>\n<p>Als junge Frau wusste ich nicht so richtig, was ich lernen wollte. Ausser, dass mir Sprachen gut gefielen und das Reisen. Also lernte ich erst einmal Englisch, Franz\u00f6sisch und Italienisch und besuchte die Hotelfachschule.<\/p>\n<p>In ganz jungen Jahren mit 17 Jahren ging es auf Reisen mit Rucksack und Zug. Danach kam die Reise mit der 125-er Yamaha DT nach Ex-Jugoslawien.<\/p>\n<p>Dann sehr wenige Flugreisen und dann auch mit dem grossen Motorrad.<\/p>\n<p>Ausser den Reisen h\u00e4lt mich meine Familie auf Trab. Wir haben 2 Jungs und ein M\u00e4del.<\/p>\n<p>Auch das Reisen mit den Kindern haben wir ausprobiert. Meistens mit dem Auto.<\/p>\n<p>Irgendwann w\u00e4hrend Corona kam das E-Bike dazu und dies gef\u00e4llt mir auch sehr gut.<\/p>\n<p>&nbsp;<\/p>\n<figure id=\"attachment_702\" aria-describedby=\"caption-attachment-702\" style=\"width: 225px\" class=\"wp-caption alignleft\"><img loading=\"lazy\" decoding=\"async\" class=\"size-medium wp-image-702\" src=\"https:\/\/nora.buek.ch\/wp-content\/uploads\/2023\/11\/CJUR7203-225x300.jpg\" alt=\"\" width=\"225\" height=\"300\" srcset=\"https:\/\/nora.buek.ch\/wp-content\/uploads\/2023\/11\/CJUR7203-225x300.jpg 225w, https:\/\/nora.buek.ch\/wp-content\/uploads\/2023\/11\/CJUR7203-768x1024.jpg 768w, https:\/\/nora.buek.ch\/wp-content\/uploads\/2023\/11\/CJUR7203-1152x1536.jpg 1152w, https:\/\/nora.buek.ch\/wp-content\/uploads\/2023\/11\/CJUR7203-1140x1520.jpg 1140w, https:\/\/nora.buek.ch\/wp-content\/uploads\/2023\/11\/CJUR7203.jpg 1200w\" sizes=\"auto, (max-width: 225px) 100vw, 225px\" \/><figcaption id=\"caption-attachment-702\" class=\"wp-caption-text\">Beim Wandern in Spanien<\/figcaption><\/figure>\n<p>&nbsp;<\/p>\n<p>&nbsp;<\/p>\n<p>Dann kam der schwere total unverschuldete Verkehrsunfall, der mich schwer verletzte.<\/p>\n<figure id=\"attachment_701\" aria-describedby=\"caption-attachment-701\" style=\"width: 225px\" class=\"wp-caption alignright\"><img loading=\"lazy\" decoding=\"async\" class=\"size-medium wp-image-701\" src=\"https:\/\/nora.buek.ch\/wp-content\/uploads\/2023\/11\/Im-Rebberg-225x300.jpg\" alt=\"\" width=\"225\" height=\"300\" srcset=\"https:\/\/nora.buek.ch\/wp-content\/uploads\/2023\/11\/Im-Rebberg-225x300.jpg 225w, https:\/\/nora.buek.ch\/wp-content\/uploads\/2023\/11\/Im-Rebberg-scaled.jpg 1920w\" sizes=\"auto, (max-width: 225px) 100vw, 225px\" \/><figcaption id=\"caption-attachment-701\" class=\"wp-caption-text\">Im Rebberg beim Wimmeln<\/figcaption><\/figure>\n<p>Auf das E-Bike zur\u00fcck habe ich es geschafft, hingegen geht vieles andere nicht mehr.<\/p>\n<p>Was ich alles wieder erleben darf, weiss ich noch nicht.<\/p>\n<p>Ich bin sehr dankbar, dass ich noch lebe und hoffe, noch viele Reisen unternehmen zu d\u00fcrfen und die Natur zu geniessen.<\/p>\n<p>&nbsp;<\/p>\n<p>&nbsp;<\/p>\n<p>&nbsp;<\/p>\n<p>&nbsp;<\/p>\n","protected":false},"excerpt":{"rendered":"<p>&#171;F\u00fcr Menschen Mensch zu sein.&#187;\u00a0 &#171;Ehrfurcht vor dem Leben ist das Ideal der Ideale.&#187;\u00a0 &#171;Das Leben ist der h\u00f6chste Wert.&#187; \u00a0 Albert Schweitzer &nbsp; Wer bin ich? Oder besser gesagt, wer glaube ich zu sein? Aufgewachsen bin ich mit meinen 4 Geschwistern. 2 \u00e4ltere Schwestern und ein \u00e4lterer Bruder sowie ein j\u00fcngerer Bruder. Ich bin also zwischen zwei Br\u00fcder geraten! Als junge Frau wusste ich nicht so richtig, was ich lernen wollte. Ausser, dass mir Sprachen gut gefielen und das Reisen. Also lernte ich erst einmal Englisch, Franz\u00f6sisch und Italienisch und besuchte die Hotelfachschule. In ganz jungen Jahren mit 17 Jahren ging es auf Reisen mit Rucksack und Zug. Danach kam die Reise mit der 125-er Yamaha DT nach Ex-Jugoslawien. Dann sehr wenige Flugreisen und dann auch mit dem grossen Motorrad. Ausser den Reisen h\u00e4lt mich meine Familie auf Trab. Wir haben 2 Jungs und ein M\u00e4del. Auch das Reisen mit den Kindern haben wir ausprobiert. Meistens mit dem Auto. Irgendwann w\u00e4hrend Corona kam das E-Bike dazu und dies gef\u00e4llt mir auch sehr gut. &nbsp; &nbsp; &nbsp; Dann kam der schwere total unverschuldete Verkehrsunfall, der mich schwer verletzte. Auf das E-Bike zur\u00fcck habe ich es geschafft, hingegen geht vieles andere nicht mehr. Was ich alles wieder erleben darf, weiss ich noch nicht. Ich bin sehr dankbar, dass ich noch lebe und hoffe, noch viele Reisen unternehmen zu d\u00fcrfen und die Natur zu geniessen. &nbsp; &nbsp; &nbsp; &nbsp;<\/p>\n","protected":false},"author":1,"featured_media":0,"parent":0,"menu_order":0,"comment_status":"closed","ping_status":"closed","template":"","meta":{"footnotes":""},"class_list":["post-9","page","type-page","status-publish","hentry"],"jetpack_sharing_enabled":true,"_links":{"self":[{"href":"https:\/\/nora.buek.ch\/index.php\/wp-json\/wp\/v2\/pages\/9","targetHints":{"allow":["GET"]}}],"collection":[{"href":"https:\/\/nora.buek.ch\/index.php\/wp-json\/wp\/v2\/pages"}],"about":[{"href":"https:\/\/nora.buek.ch\/index.php\/wp-json\/wp\/v2\/types\/page"}],"author":[{"embeddable":true,"href":"https:\/\/nora.buek.ch\/index.php\/wp-json\/wp\/v2\/users\/1"}],"replies":[{"embeddable":true,"href":"https:\/\/nora.buek.ch\/index.php\/wp-json\/wp\/v2\/comments?post=9"}],"version-history":[{"count":7,"href":"https:\/\/nora.buek.ch\/index.php\/wp-json\/wp\/v2\/pages\/9\/revisions"}],"predecessor-version":[{"id":708,"href":"https:\/\/nora.buek.ch\/index.php\/wp-json\/wp\/v2\/pages\/9\/revisions\/708"}],"wp:attachment":[{"href":"https:\/\/nora.buek.ch\/index.php\/wp-json\/wp\/v2\/media?parent=9"}],"curies":[{"name":"wp","href":"https:\/\/api.w.org\/{rel}","templated":true}]}}